in base 7?
104332613
303176 (base 9) to base 11
112938
Convert -2222173 (base 10) to base 6.
-115343501
101000010100000100111010 (base 2) to base 14
159144a
Convert 437bc (base 16) to base 15.
56d77
What is -31521420 (base 8) in base 10?
-6726416
Convert 971397 (base 11) to base 4.
11323111102
What is 5221c2 (base 15) in base 7?
45123443
What is -10110101001101111 (base 2) in base 11?
-63789
-a72588 (base 13) to base 7
-45206230
50272 (base 9) to base 3
1200022102
What is 12303410 (base 5) in base 2?
11101000110111110
Convert -813dd (base 16) to base 5.
-113414443
What is -213320322 (base 4) in base 9?
-268110
What is -2223123422 (base 5) in base 7?
-56416362
What is -18b855 (base 12) in base 8?
-1521401
-215943 (base 12) to base 2
-10000001000000000011
What is 8150039 (base 11) in base 8?
66752202
What is 1c79716 (base 14) in base 6?
1230011452
What is 276668 (base 11) in base 14?
b3d15
What is -122b994 (base 13) in base 16?
-563f66
What is 1313331 (base 6) in base 7?
420034
Convert 113030311 (base 4) to base 9.
154317
Convert 13026056 (base 7) to base 4.
10200322133
Convert -14130210 (base 6) to base 12.
-1b0966
3dfad1 (base 16) to base 4
33133223101
What is -3077250 (base 9) in base 14?
-30b9a0
72536 (base 8) to base 2
111010101011110
What is 101100010001010001100 (base 2) in base 15?
1d9c41
Convert 2b09e (base 15) to base 3.
21001000112
Convert 812991 (base 11) to base 7.
14052130
-11001021200012 (base 3) to base 10
-2151041
Convert -120102100222 (base 3) to base 4.
-1022012231
Convert 755716 (base 12) to base 5.
433331140
-b3a6d (base 15) to base 11
-359844
Convert -233085 (base 10) to base 16.
-38e7d
Convert 10132213 (base 4) to base 14.
6983
What is -110110000111110 (base 2) in base 7?
-143534
Convert 1142452 (base 6) to base 2.
1110101101000000
Convert 4a49a3a (base 11) to base 15.
b83150
5c12d4 (base 16) to base 9
12316241
Convert 125dd7a (base 14) to base 11.
4a95347
What is 51cb1 (base 14) in base 4?
300023103
75a2f (base 16) to base 9
813856
Convert 980ba9 (base 15) to base 3.
111121221011120
What is 1b6cd3 (base 16) in base 7?
21164014
-350272 (base 8) to base 2
-11101000010111010
879d (base 14) to base 6
300343
What is -1040307 (base 8) in base 12?
-115373
Convert 175c25b (base 13) to base 15.
a0077d
Convert -4255321 (base 6) to base 16.
-333c1
Convert -81643 (base 13) to base 6.
-4544534
12f9a (base 16) to base 13
294b8
-417224 (base 8) to base 7
-1115646
Convert -73cc (base 13) to base 14.
-5bca
Convert -2947a3 (base 13) to base 5.
-224302424
Convert 25251421 (base 6) to base 8.
3070705
What is -10010101010110110101 (base 2) in base 13?
-1855bb
Convert -73aa4 (base 16) to base 14.
-c4924
-225443 (base 9) to base 15
-2a103
Convert 51822 (base 13) to base 14.
3b4bc
Convert 1042041421 (base 5) to base 12.
92a963
What is 240110243 (base 5) in base 16?
10bf65
Convert -10242550 (base 6) to base 15.
-5e429
-5741740 (base 9) to base 13
-846213
5730563 (base 8) to base 4
11323011303
-5733155 (base 8) to base 3
-2220221201122
-10010001010111110 (base 2) to base 7
-426666
Convert 61423043 (base 7) to base 3.
100122201202222
Convert -7771b (base 15) to base 14.
-9c4a5
Convert -11311251 (base 6) to base 7.
-2662612
What is -61711 (base 11) in base 9?
-146450
What is 10100121221 (base 3) in base 16?
10213
What is 1b85260 (base 12) in base 2?
10110011111111100101000
640dd7 (base 16) to base 10
6557143
What is 602831 (base 14) in base 6?
153152231
b8d3b (base 15) to base 14
113c24
-200133244 (base 5) to base 13
-217104
Convert -7602023 (base 8) to base 13.
-562275
1df0f (base 16) to base 9
206205
What is -3557168 (base 10) in base 2?
-1101100100011100110000
What is -20150323 (base 7) in base 12?
-689b3a
Convert -11444302334 (base 5) to base 10.
-13665969
133145310 (base 7) to base 13
1a2901a
-2a04a21 (base 11) to base 7
-61601166
Convert -ac333 (base 13) to base 2.
-1001100010011001011
Convert 5138602 (base 9) to base 2.
1010011101011111110001
-123310020203 (base 4) to base 9
-14642855
11443 (base 11) to base 5
1012003
-2210100120 (base 4) to base 2
-10100100010000011000
1012324 (base 6) to base 12
240a4
Convert -14411012 (base 5) to base 12.
-75076
112303221 (base 7) to base 4
122032201011
Convert 204235442 (base 6) to base 10.
3566546
Convert 1001320213 (base 4) to base 13.
95aa9
Convert -11100011101100110 (base 2) to base 11.
-7a654
What is 5325553 (base 6) in base 2?
111111100110001101
-768902 (base 14) to base 4
-33111030212
What is -6411751 (base 8) in base 11?
-a68027
-1023121231 (base 4) to base 16
-4b66d
What is -2402033234 (base 5) in base 12?
-1a14267
Convert 15520 (base 9) to base 14.
3c33
Convert -1b62 (base 14) to base 10.
-4986
What is -25101 (base 15) in base 4?
-130321033
Convert 10131133121 (base 4) to base 11.
729623
Convert 768b6 (base 15) to base 11.
237a40
Convert -57655 (base 10) to base 15.
-1213a
What is 5962aa (base 13) in base 10?
2127174
-227204 (base 8) to base 7
-441533
-16530 (base 12) to base 4
-13301310
Convert 207386 (base 10) to base 15.
416ab
What is 100011111001100110 (base 2) in base 15?
2d881
Convert 1128a25 (base 12) to base 6.
154314445
Convert -30220232323 (base 4) to base 8.
-14505673
13acab (base 13) to base 7
4042445
What is 273546 (base 10) in base 2?
1000010110010001010
-11010101000011100010001 (base 2) to base 10
-6981393
-205202 (base 14) to base 12
-446796
421878 (base 9) to base 15
4e47b
15052532 (base 6) to base 12
211148
-1b141 (base 13) to base 15
-10a50
What is -271616 (base 8) in base 11?
-65511
What is 7780b (base 14) in base 11?
188723
Convert -24b3497 (base 14) to base 9.
-36168355
What is 30312042 (base 6) in base 8?
3231172
What is 99b0 (base 12) in base 11?
11837
Convert -36320 (base 13) to base 11.
-68752
1023212 (base 5) to base 16
439b
Convert 11363400 (base 7) to base 3.
1220011200100
What is 10100011100000100011011 (base 2) in base 13?
1157935
Convert 168220 (base 11) to base 16.
3f6e1
Convert -10110110010000000 (base 2) to base 16.
-16c80
What is 65404 (base 11) in base 2?
10111001100001101
Convert -30310222133 (base 4) to base 12.
-116133b
What is 2430223030 (base 5) in base 13?
124c5cb
Convert 112302133021 (base 4) to base 15.
7d00e1
Convert 1223323434 (base 5) to base 10.
2948619
79ab8 (base 14) to base 8
1101462
Convert 520858 (base 12) to base 6.
43325352
5a221 (base 13) to base 8
502424
Convert -211042555 (base 6) to base 11.
-20a1660
Convert 6205167 (base 8) to base 11.
a20a70
Convert 79077 (base 12) to base 2.
100111010000011011
23121002113 (base 4) to base 16
2d9097
Convert -44d6ab (base 16) to base 9.
-8435430
-233330003 (base 4) to base 13
-6b4b3
3451500 (base 7) to base 10
432768
What is 11323213231 (base 4) in base 8?
5734755
Convert -10002000010 (base 3) to base 11.
-4150a
35026353 (base 7) to base 16
2ec83f
-32557 (base 11) to base 9
-71732
Convert -57221c (base 13) to base 7.
-23343116
Convert -110110110011000110011 (base 2) to base 9.
-3336130
What is -88734 (base 16) in base 5?
-120341100
Convert -316506 (base 7) to base 4.
-31131123
What is 22467315 (base 8) in base 10?
4878029
-305027 (base 11) to base 13
-141c5a
What is 40d4d (base 15) in base 14?
54c66
Convert 233122112 (base 4) to base 12.
94472
Convert 1143433142 (base 5) to base 14.
50a6d4
Convert 100010022201 (base 3) to base 16.
2bd71
Convert -100010000110110000 (base 2) to base 5.
-13432241
-12105121 (base 6) to base 13
-104c35
-301331130330 (base 4) to base 5
-11323044024
-5060de (base 16) to base 11
-2a78759
What is 3121323232 (base 4) in base 7?
10405330
342428 (base 13) to base 10
1233227
13a2548 (base 12) to base 13
a81292
What is -11122020000 (base 3) in base 2?
-10110010010010111
-123321033 (base 4) to base 12
-56153
-130875 (base 13) to base 10
-458424
What is -bb0829 (base 12) in base 4?
-23110032201
Convert 2000101220011 (base 3) to base 9.
2011804
23342440 (base 5) to base 7
1554621
-6546230 (base 7) to base 8
-3035656
Convert 594bc (base 14) to base 8.
651176
-21202202011 (base 3) to base 2
-100101010101001001
74752 (base 9) to base 4
30010301
1fcdb (base 16) to base 3
20121200201
-11647237 (base 9) to base 5
-2424401442
Convert 468649 (base 10) to base 6.
14013401
Convert 42b90b (base 12) to base 5.
232311430
What is -51533503 (base 6) in base 2?
-101101011110000001111
What is adaa